in base 6?
-55244011
What is -129dd (base 16) in base 13?
-28928
10120133222 (base 4) to base 6
40343002
What is -10000010000000011 (base 2) in base 4?
-100100003
What is 807951 (base 10) in base 7?
6603354
Convert -13971308 (base 10) to base 6.
-1215241552
What is -140044044 (base 7) in base 10?
-9069981
What is -447a452 (base 11) in base 12?
-2764b6a
Convert -2652424 (base 10) to base 3.
-11222202102221
What is 412114 (base 11) in base 9?
1217538
-1001100110001111011001 (base 2) to base 14
-496c53
-10010000101101011 (base 2) to base 11
-50736
431613 (base 7) to base 2
10010010101000110
Convert 226878 (base 11) to base 15.
71bd3
-1001001011000101011 (base 2) to base 15
-5e0e2
-58754 (base 14) to base 8
-644666
41305 (base 11) to base 5
3412023
Convert -78a762 (base 14) to base 12.
-1459316
Convert -1251531 (base 8) to base 5.
-42132032
-120a23d (base 14) to base 9
-17217311
112012201111 (base 3) to base 11
181193
Convert -69732 (base 11) to base 9.
-163126
What is -322753 (base 8) in base 7?
-626621
Convert -38b02 (base 16) to base 10.
-232194
What is 13023132 (base 5) in base 7?
1035202
Convert -54162 (base 12) to base 8.
-330332
700a7b (base 13) to base 3
11220010200112
Convert 1d01c (base 16) to base 13.
42105
1002233133 (base 4) to base 3
111220000000
-4bb16 (base 15) to base 12
-b8149
What is 154140 (base 10) in base 6?
3145340
What is -6e492 (base 16) in base 12?
-199502
What is -4346416 (base 7) in base 6?
-15231024
Convert 42311551 (base 6) to base 12.
4b85b7
Convert 63f5 (base 16) to base 3.
1022002202
What is 9023391 (base 10) in base 4?
202122332133
What is -10011201122 (base 4) in base 11?
-671893
Convert -124140243 (base 7) to base 15.
-a63633
What is 10112200010 (base 3) in base 4?
101001300
Convert 311179 (base 10) to base 14.
81591
What is 593929 (base 11) in base 10?
942137
Convert -100100002211011 (base 3) to base 4.
-102323131330
-32632807 (base 9) to base 16
-f0e767
Convert 30435010 (base 6) to base 7.
10305414
What is 25476 (base 14) in base 6?
1543200
Convert -40370 (base 16) to base 3.
-111100210122
3524944 (base 11) to base 12
208a395
What is -2110204323 (base 5) in base 2?
-10000101101110010001110
What is 1101100010100010010000 (base 2) in base 15?
4a19bd
What is 12110201221 (base 3) in base 11?
73a10
What is 1010011101010010 (base 2) in base 13?
1665c
What is -11100110111011110 (base 2) in base 10?
-118238
Convert 21303103300 (base 4) to base 12.
a3ab54
What is -6ba6 (base 15) in base 9?
-34343
Convert -1485b63 (base 12) to base 7.
-50223663
What is 889a8 (base 11) in base 6?
2433051
What is 50032b (base 12) in base 3?
2100020022022
What is -212033133 (base 4) in base 3?
-21221212110
What is 4433444 (base 6) in base 10?
222436
What is -1110010110101100110110 (base 2) in base 8?
-16265466
What is -201012211101 (base 3) in base 2?
-1011100010101110010
-111121020022 (base 3) to base 14
-6d7c5
What is -21335217 (base 8) in base 10?
-4569743
What is -2101011212101 (base 3) in base 5?
-310411014
222210 (base 3) to base 8
1323
Convert 11111100221001 (base 3) to base 7.
26206444
What is 621889 (base 10) in base 13?
18a0a8
Convert -10010100111110110 (base 2) to base 15.
-17903
Convert 58239 (base 13) to base 3.
22011112100
What is 1402ed (base 15) in base 4?
3222333310
-16514a (base 12) to base 8
-1352212
Convert 112311504 (base 7) to base 8.
32167600
-101020201012 (base 3) to base 8
-611772
-8a3ca (base 16) to base 12
-23380a
Convert 1205184 (base 10) to base 15.
18c159
What is 12222222210 (base 3) in base 12?
58410
-c7037 (base 14) to base 5
-110331444
Convert 32662 (base 12) to base 7.
365114
1003302002 (base 4) to base 14
73270
What is 3650215 (base 7) in base 11?
29904a
Convert -2257a60 (base 13) to base 15.
-dd7b3b
What is -141594 (base 10) in base 6?
-3011310
Convert -1b1a029 (base 12) to base 15.
-78c040
-2ca05 (base 13) to base 16
-14cbd
71279 (base 10) to base 14
1bd95
What is -404ba6 (base 14) in base 13?
-5aa319
What is 6623750 (base 8) in base 2?
110110010011111101000
What is -472464 (base 8) in base 3?
-22011221210
What is -13215 (base 13) in base 7?
-205344
What is -120022022200122 (base 3) in base 13?
-18bac71
-367b05 (base 15) to base 5
-1131423410
1a61b22 (base 13) to base 11
4a1293a
Convert 221211121200 (base 3) to base 4.
1330022103
-14115364 (base 8) to base 2
-1100001001101011110100
7c8150 (base 14) to base 9
7884115
What is 2711000 (base 8) in base 2?
10111001001000000000
399dba (base 15) to base 3
12012120220211
Convert -212101024 (base 6) to base 2.
-1110010001001101001000
-1530417 (base 9) to base 8
-3165565
Convert -9781 (base 16) to base 15.
-b75a
-520721 (base 13) to base 14
-37bb53
What is -1cb76 (base 13) in base 6?
-1115201
Convert -17a7 (base 16) to base 2.
-1011110100111
Convert 277630 (base 13) to base 16.
ea1e1
Convert -844bc (base 15) to base 7.
-3365154
Convert -3738855 (base 10) to base 3.
-21000221202010
What is -1a64b (base 13) in base 9?
-77712
Convert -5996a7 (base 12) to base 16.
-16159f
-25a94 (base 14) to base 12
-45742
Convert 11130000231 (base 4) to base 3.
2200102100120
103144213 (base 5) to base 2
1101100010100100011
-82941 (base 13) to base 2
-111001001111011000
-1501234 (base 6) to base 7
-505165
What is 2b3a1d (base 15) in base 13?
581527
What is -17c291 (base 15) in base 3?
-2011200010201
What is -10011101001101101100 (base 2) in base 13?
-197146
Convert -10111000010011101001011 (base 2) to base 12.
-203300b
Convert -ac5a5c (base 15) to base 7.
-126605235
Convert 1110101110111111 (base 2) to base 15.
12d36
Convert -112003100 (base 4) to base 6.
-1534052
What is -110111100100001100111011 (base 2) in base 4?
-313210030323
Convert -1722652 (base 12) to base 15.
-644642
What is -940e0 (base 15) in base 5?
-110004320
-49b68 (base 13) to base 3
-20220111122
What is 25d10 (base 16) in base 8?
456420
36044d (base 14) to base 16
1c2655
Convert -10c5a2 (base 14) to base 6.
-20131322
Convert -14662413 (base 7) to base 16.
-1584e7
Convert 51444150 (base 6) to base 14.
2a8922
What is 625343 (base 8) in base 14?
55919
-3352153 (base 6) to base 10
-170277
What is 716255 (base 8) in base 3?
110000201022
What is 63844 (base 14) in base 13?
8552c
Convert 2113102011 (base 4) to base 13.
189078
What is -23487 (base 9) in base 3?
-210112221
Convert -397367 (base 12) to base 8.
-3467077
Convert -1001000011011110101 (base 2) to base 9.
-501878
-122322000320 (base 4) to base 14
-d18680
What is -5026c9 (base 14) in base 12?
-aa01b5
What is -11010001101110110011 (base 2) in base 12?
-355183
What is 605656 (base 10) in base 5?
123340111
What is -156362430 (base 7) in base 14?
-15b49c0
150531410 (base 6) to base 2
1011111010010011111110
What is 14250a (base 13) in base 14?
cac02
351a6 (base 12) to base 9
117500
Convert -2653212 (base 7) to base 4.
-1111101201
Convert -10011000000100 (base 3) to base 10.
-1673064
252235455 (base 6) to base 13
1017cb3
Convert 110443304 (base 5) to base 11.
300876
Convert 176672 (base 14) to base 16.
c949c
150004405 (base 6) to base 13
83b08b
-1160583 (base 10) to base 11
-722a66
What is -2111200210 (base 3) in base 14?
-13db0
What is -30004214 (base 5) in base 4?
-321112312
-5002503 (base 7) to base 3
-1002221012110
What is 30322423 (base 5) in base 4?
323321303
-133331323 (base 5) to base 4
-2212311022
141570 (base 8) to base 14
14344
What is -10011111100111111110 (base 2) in base 4?
-2133213332
Convert 13471412 (base 8) to base 6.
145125030
-1a9b130 (base 13) to base 11
-4a8551a
Convert 13103221220 (base 4) to base 12.
784608
Convert 5c9bc6 (base 13) to base 8.
10361677
Convert 3803664 (base 9) to base 10.
2069446
Convert -a59a7 (base 13) to base 6.
-10220445
Convert 300022131 (base 4) to base 2.
110000001010011101
What is -4bed5 (base 15) in base 6?
-5112515
Convert -221519 (base 10) to base 5.
-24042034
17865 (base 9) to base 2
11000001010011
What is -21200404 (base 5) in base 3?
-100001111002
What is 229c83 (base 13) in base 16?
c8970
274ac4 (base 14) to base 12
555830
Convert -466861 (base 13) to base 11.
-a41619
What is 189197 (base 11) in base 5?
33243020
-132200201021 (base 4) to base 3
-120001022112012
What is -1210211221020 (base 3) in base 7?
-11113134
-154015544 (base 6) to base 11
-1932748
What is 210184 (base 9) in base 8?
363620
What is 32131 (base